).
-6
Let q(b) = -15*b**3 - 164*b**2 + 54*b + 14. What is q(-12)?
1670
Let j(n) = 3528*n - 1178332. Calculate j(334).
20
Let p(v) = -12*v**2 + 3017*v + 4801. Give p(253).
-6
Let h(i) = -117*i + 1599. Calculate h(15).
-156
Let s(n) = -1315*n - 487877. Calculate s(-371).
-12
Let c(d) = -7*d**3 + 24*d**2 + 177*d + 4. Determine c(-5).
594
Let n(g) = -2*g**2 - 4262*g - 737574. Give n(-1941).
6
Let d(g) = 14493*g + 304343. What is d(-21)?
-10
Let o(n) = n**2 + 126*n - 4253. Determine o(-154).
59
Let w(u) = -22*u**2 + 11544*u + 11541. Determine w(-1).
-25
Let a(m) = 571*m**2 - 266668*m + 5142. Determine a(467).
5
Let a(r) = -r**3 + 215*r**2 + 10*r - 2309. Determine a(215).
-159
Let h(j) = j**2 - 79*j + 566. Determine h(29).
-884
Let l(m) = -5*m**2 + 8628*m - 34511. What is l(4)?
-79
Let z(q) = 3*q**3 - 120*q**2 + 1145*q - 281. What is z(15)?
19
Let w(d) = -d**3 - 50*d**2 - 759*d - 3212. What is w(-22)?
-66
Let l(s) = -9*s**3 - 8*s**2 + 17*s - 14. What is l(4)?
-650
Let b(l) = 2*l**3 - 558*l**2 - 5975*l - 1943. Determine b(-10).
7
Let q(x) = 51*x**2 + 178*x - 888. What is q(5)?
1277
Let h(l) = -1123*l**3 - 14*l**2 + 12*l - 1. Calculate h(1).
-1126
Let d(l) = 24*l**2 - 441*l + 898. Give d(2).
112
Let f(u) = -432*u - 27780. Determine f(-66).
732
Let k(f) = -2058*f + 2056045. What is k(999)?
103
Let u(z) = -80395*z - 1447094. Give u(-18).
16
Let a(m) = -9*m + 469. Determine a(-6).
523
Let b(m) = -2*m**3 + 69*m**2 + 604*m - 24452. What is b(32)?
-4
Let f(i) = 1547543*i + 6190175. What is f(-4)?
3
Let a(g) = -25668*g - 718662. What is a(-28)?
42
Let a(p) = 17*p**2 - 309*p + 24. Give a(17).
-316
Let s(q) = q**2 + 5603*q - 259873. Determine s(46).
-19
Let h(y) = 62559*y - 2439806. What is h(39)?
-5
Let h(s) = 4*s**3 - 121*s**2 - 89*s + 167. Determine h(31).
291
Let f(w) = -4*w**2 + 2178*w - 59800. What is f(29)?
-2
Let t(a) = -a**3 + 17*a**2 - 3343*a + 42766. What is t(13)?
-17
Let t(v) = 194*v**2 - 305760*v + 25203. What is t(1576)?
-13
Let g(u) = -22355*u + 44680. Calculate g(2).
-30
Let z(s) = 564*s - 4853. Calculate z(2).
-3725
Let b(q) = -423712*q - 55929977. Calculate b(-132).
7
Let p(a) = 3*a**2 - 1292*a - 215213. What is p(559)?
2
Let b(p) = -2802*p + 147917. What is b(52)?
2213
Let j(i) = -218*i**2 - 1787*i + 1569. Determine j(-9).
-6
Let x(r) = 284308*r - 3127397. Determine x(11).
-9
Let q(a) = -a**3 + 7*a**2 - 66*a + 693. Give q(14).
-1603
Let p(b) = 101*b - 93. Determine p(1).
8
Let p(w) = 6102*w - 2239437. Calculate p(367).
-3
Let u(d) = d**3 + 41*d**2 + 142*d - 210. What is u(-37)?
12
Let r(b) = -295*b**2 - 11206*b + 182. Determine r(-38).
30
Let t(y) = -5*y**3 + 25*y**2 - 24699*y + 123495. Determine t(5).
0
Let f(x) = -59*x - 1788. Determine f(-11).
-1139
Let l(c) = 37*c**2 + 5441*c - 5440. Calculate l(1).
38
Let k(o) = 312*o - 2675. What is k(6)?
-803
Let y(q) = 2*q**2 + 209*q + 5510. Calculate y(-25).
1535
Let f(x) = 16*x**2 + 107*x + 753. What is f(-10)?
1283
Let w(r) = 7740*r - 1106818. Calculate w(143).
2
Let k(j) = -28*j**2 + 1373*j - 2629. What is k(2)?
5
Let i(a) = 164*a**2 - 170699*a - 26023. What is i(1041)?
2
Let d(a) = -8500*a - 32951. Give d(-4).
1049
Let u(q) = q**3 + 22*q**2 - 1173*q + 644. Calculate u(-47).
550
Let s(m) = 209*m**2 + 3760*m - 31. Determine s(-18).
5
Let w(b) = b**2 + 7092*b - 227970. Determine w(32).
-2
Let r(u) = -u**3 - 8*u**2 + 3224*u + 28890. What is r(-9)?
-45
Let f(m) = 82*m**2 - 17498*m + 75241. Give f(209).
1
Let k(w) = 1009*w + 22690. Give k(-23).
-517
Let p(i) = -i**2 + 1029*i + 183540. Determine p(-155).
20
Let d(u) = u**3 - 48*u**2 - 285*u + 270. Determine d(-6).
36
Let g(v) = v**2 - 133*v - 3268. Determine g(154).
-34
Let o(m) = 6*m**2 + 273*m - 4356. What is o(-58)?
-6
Let z(p) = 103514*p - 103510. What is z(1)?
4
Let y(a) = a**3 - 124*a**2 + 402*a - 1389. What is y(121)?
3330
Let g(h) = -41*h**2 + 30875*h - 1558. Determine g(753).
-52
Let m(g) = g**3 - 50*g**2 - 356*g - 504. What is m(-2)?
0
Let r(b) = 15*b**3 + 3*b**2 + 16*b + 16. Calculate r(-1).
-12
Let i(f) = 1013*f - 94136. Give i(93).
73
Let x(d) = -4*d**2 + 3686*d - 846989. What is x(484)?
11
Let o(g) = -3*g**2 - 1555*g - 27540. What is o(-500)?
-40
Let s(o) = -o**2 + 22409*o - 447779. Determine s(20).
1
Let l(i) = -i**3 + 11*i**2 + 96*i - 214. Give l(16).
42
Let u(s) = s**3 + 17*s**2 + 84*s + 805. Give u(-11).
607
Let i(t) = 8*t**2 - 1013*t - 23959. Give i(147).
2
Let m(g) = -g**2 - 1358*g - 91369. What is m(-71)?
8
Let y(l) = -778*l - 243. What is y(0)?
-243
Let z(x) = -902*x + 81408. What is z(90)?
228
Let h(o) = 12*o**3 + 1407*o**2 + 351*o - 261. What is h(-117)?
-261
Let n(x) = -4*x**2 - 5241*x - 631505. Give n(-1176).
7
Let x(m) = 70967*m + 2767674. What is x(-39)?
-39
Let r(h) = 2*h**3 + 67*h**2 - 1392*h - 46992. Determine r(-33).
33
Let s(k) = -k**3 - 25*k**2 + 119*k - 34. Give s(-25).
-3009
Let y(a) = 78*a**3 - 1256*a**2 + 167*a + 40. Give y(16).
664
Let f(v) = 14*v**2 - 492*v - 310. What is f(36)?
122
Let o(v) = v**3 + 1813*v**2 + 12640*v + 49. Give o(-7).
63
Let t(q) = q**2 + 445*q + 48242. Give t(-257).
-74
Let y(v) = 1906*v + 61026. Give y(-32).
34
Let k(n) = n**3 + 13*n**2 - 10*n + 745. Determine k(-14).
689
Let a(u) = 11813*u + 128992. Calculate a(-11).
-951
Let z(s) = 2*s**3 + 3*s**2 + 109*s + 313. Give z(-3).
-41
Let y(p) = -18*p**2 - 14*p + 387. Determine y(10).
-1553
Let i(a) = 52*a + 4313. Determine i(-75).
413
Let w(a) = a**3 + 15*a**2 - 298*a - 126. Calculate w(-26).
186
Let p(l) = -2*l**3 - 151*l**2 + 1063*l - 592. What is p(-82)?
-346
Let p(q) = -6*q**2 - 517*q - 211. Determine p(-86).
-125
Let a(d) = -1591*d - 72762. Determine a(-46).
424
Let o(c) = c**3 + 35*c**2 - 1930*c + 14800. What is o(10)?
0
Let g(h) = -631*h + 3401. Determine g(5).
246
Let o(w) = 3*w**3 + 4858*w**2 - 12992*w - 25950. Give o(-1622).
2
Let d(c) = -10*c**2 + 5615*c - 360753. Calculate d(74).
-3
Let a(y) = -y**2 + 159*y + 22957. Determine a(251).
-135
Let t(c) = -4*c**3 + 8*c**2 + 53*c + 2599. Calculate t(10).
-71
Let b(r) = -21129*r - 83053. Calculate b(-4).
1463
Let i(h) = 45*h**3 + 406*h**2 + 461*h + 4065. Give i(-9).
-3
Let g(d) = -d**3 - 44*d**2 + 585*d - 1046. Determine g(-55).
54
Let l(c) = -c**2 + 104*c - 2923. What is l(34)?
-543
Let h(s) = -2*s**3 + 19*s**2 + 1. Give h(10).
-99
Let g(u) = u**3 - 28*u**2 - 4569*u + 327. Give g(83).
-5
Let j(o) = -35*o**2 + 153*o - 12. Calculate j(3).
132
Let u(c) = -3*c**2 - 15112*c - 135834. Calculate u(-9).
-69
Let y(l) = l**2 - 110*l - 2596. Determine y(-20).
4
Let r(k) = 8*k**2 + 79*k + 470. Determine r(-5).
275
Let i(b) = 25938*b - 7366390. Calculate i(284).
2
Let d(r) = -1260*r**2 - 17639*r - 28. What is d(-14)?
-42
Let k(q) = -q**3 - 727*q**2 + 10377*q + 2236. Give k(-741).
13
Let w(m) = m**3 - 14*m**2 + 152*m - 1317. Give w(11).
-8
Let a(f) = 5855*f + 11612. Calculate a(-2).
-98
Let a(x) = -211927*x - 1483924. Calculate a(-7).
-435
Let l(h) = 1035178*h - 17598037. What is l(17)?
-11
Let a(v) = -5*v**3 - 301*v**2 - 62*v - 76. Determine a(-60).
44
Let r(j) = 2*j**3 - 74*j**2 - 9*j + 1089. Calculate r(4).
-3
Let x(l) = -6*l**2 + 367*l - 32. Determine x(58).
1070
Let w(z) = -436*z + 12484. Determine w(22).
2892
Let j(n) = 7*n**3 + 1293*n**2 - 35530*n + 4. Give j(-209).
4
Let n(r) = -468*r - 46847. Determine n(-100).
-47
Let o(t) = 4*t**2 + 170*t - 420. Determine o(-46).
224
Let i(o) = -o**3 + 59*o**2 + 297*o + 1731. Give i(64).
259
Let b(m) = -6*m**2 - 354*m + 281. Calculate b(-63).
-1231
Let u(n) = -103*n**2 + 4125*n - 122. What is u(40)?
78
Let o(u) = -u**3 + 11*u**2 + 66*u - 417. What is o(16)?
-641
Let n(v) = 144*v**3 + 84*v**2 - 8*v - 2. What is n(1)?
218
Let l(r) = r**3 + 19*r**2 + 213*r + 3524. What is l(-18)?
14
Let d(v) = 9*v**2 - 89974*v + 359843. Calculate d(4).
91
Let k(w) = 2*w**3 - 178*w**2 + 691*w - 934. Give k(85).
1
Let r(i) = 88225*i - 2734961. Calculate r(31).
14
Let g(r) = -1091*r + 3330. Give g(3).
57
Let f(k) = -16981*k + 9084835. Give f(535).
0
Let h(n) = n**3 + 386*n**2 + 5669*n - 92865. Give h(-370).
5
Let b(i) = 25*i**2 - 490*i - 1468. What is b(-3)?
227
Let y(u) = 2*u**3 - 528*u**2 - 755*u + 59612. Give y(265).
-13
Let p(d) = -d**2 - 6274*d - 12539. Calculate p(-2).
5
Let q(t) = -870*t + 7434. Determine q(9).
-396
Let g(p) = p**3 + 91*p**2 - 27*p - 2126. What is g(-91